2*h - h = -u - 34, 5*u - h = -152. Let o = 27 + u. Let d(g) = 2*g**2 + 6*g + 5. Calculate d(o).
13
Let r(c) be the first derivative of -c**7/840 - c**6/90 + c**5/60 + c**4/4 + c**3 - 25. Let i(m) be the third derivative of r(m). Calculate i(-4).
-2
Suppose -5*k + 0*k = 3*f - 3, 3*f + 3 = -3*k. Suppose -13 - 5 = -k*t. Suppose -9 = 3*g - t. Let u(m) = -14*m - 1. Determine u(g).
13
Suppose 3*k - 3 = 6, 3*k = -2*x + 15. Let l(a) = 3*a**3 + 2 + 2*a - 3*a - 3 - 2*a**x - a**2. Calculate l(-1).
-2
Let j(k) = 3*k + 1. Let a(l) = -l. Suppose 8 = -5*d + 3. Let s(i) = d*j(i) + 2*a(i). Let r = 11 + -10. Determine s(r).
-6
Let g(h) be the second derivative of 5*h**3/6 - 37*h**2/2 - 38*h. Determine g(8).
3
Let j(h) = 3*h**2 - 2*h - 1. Let s(g) = g**3 + 2*g**2 + 2*g + 1. Let p be s(-2). Let n be (4/p)/2*-3. Let v be j(n). Let i(o) = o - 7. Determine i(v).
0
Let u(q) = -2*q**2 - 26*q - 25. Let s(w) = w**2 + 13*w + 12. Let o(d) = -5*s(d) - 3*u(d). Let j(t) be the first derivative of o(t). What is j(-10)?
-7
Let y(l) = 10*l - 3. Let z(x) = -50*x + 16. Let f(s) = -11*y(s) - 2*z(s). Let t be (6 + -11)*4/5. Let q = t + 6. Determine f(q).
-19
Let b(x) = x**3 + x**2. Let m(p) = 6*p**3 + 6*p**2 + p + 7. Let q = 65 + -60. Let k(c) = q*b(c) - m(c). Suppose -3*g + g = 0. Calculate k(g).
-7
Let b(t) = -11*t - 2. Let m = -31 + 33. Let a(d) = 5*d + 1. Let g(l) = m*b(l) + 5*a(l). Calculate g(3).
10
Let d(k) be the second derivative of k**4/6 - k**3 - k**2 + 25*k. Let y(p) = p**3 + 9*p**2 - 12*p. Let u be y(-10). Suppose -7*l + 3*l = -u. Determine d(l).
18
Let z(n) = 3*n**2 - 44 - 2*n + 95 - n**3 - 50. Determine z(3).
-5
Let b(y) be the first derivative of y**7/840 - y**4/12 - 11*y**3/3 + 6. Let r(c) be the third derivative of b(c). Let q = -9 - -11. Determine r(q).
6
Let i(y) be the second derivative of y**4/12 + 5*y**3/6 - 2*y**2 + y + 57. Let k(f) = f - 2. Let o be k(8). Suppose 0 = -2*d - o - 6. Give i(d).
2
Let b(w) = -21 - w**2 + 2*w**2 - w + 9 + 5. Give b(5).
13
Let n(s) be the third derivative of s**4/24 + 31*s**3/6 - 408*s**2. Determine n(-22).
9
Let w(f) = 5*f**2 - 3*f - 1 + f - 3*f**2 + 2. Let b be (-6 - 29/(-5))*-5. Determine w(b).
1
Let j(v) = v**2 - 14*v + 35. Suppose -y - 5*y + 66 = 0. Give j(y).
2
Let r(c) = 11*c + c**3 - 163 + 0*c + 170 - 12*c**2. Determine r(11).
7
Let l(f) = -2*f - 9. Suppose -2*w - 2*a - 3*a = -27, 0 = -w + 3*a - 14. Let u be 2*-35*w/2. Let x be 14/u + (-33)/5. Calculate l(x).
5
Let t(y) be the first derivative of 3*y**2/2 - 18*y + 984. Calculate t(8).
6
Let v be 12/20*(-175)/(-21) + 4. Let l(u) = u**3 - 9*u**2 - 1. What is l(v)?
-1
Suppose 5*z + 2 = -r + 29, 0 = -2*z + 5*r + 27. Let d(j) = -j + 12. Let x(f) = f - 12. Let g = 52 + -48. Let v(a) = g*x(a) + 5*d(a). Determine v(z).
6
Let d(h) be the second derivative of h**7/840 - h**6/90 + h**5/60 + 5*h**4/24 + 7*h**3/6 - 4*h. Let l(m) be the second derivative of d(m). Calculate l(4).
13
Let k(j) = j**2 - 10*j + 11. Let y(r) = -r**2 + 3*r + 18. Suppose 106 = -4*n + 126. Let l be y(n). What is k(l)?
-5
Let f(y) = y + 10. Let m be f(-6). Suppose k - i = -3, -1 = -3*k + 5*i - m. Let o be 8/k*63/(-28). Let q(h) = h**3 - 2*h**2 - 3*h. Calculate q(o).
0
Let a(v) be the first derivative of -v**4/4 - 26*v**3/3 - 49*v**2/2 - 26*v - 234. Give a(-24).
-2
Let b(x) be the first derivative of x**4/4 + 5*x**3/3 + x**2 + 3*x - 15. Suppose -2*s = 3*s. Let q be 0 + -2 + s + -3. Give b(q).
-7
Let n(d) = 23*d + 12. Let z(x) = 8*x + 4. Let s(g) = 4*n(g) - 11*z(g). Determine s(-3).
-8
Let w be (-12)/24 - 14/(-4). Suppose -2*g = -8, -w*g + g = -2*v - 2. Let o(m) = -v*m - 2 + m**2 - 3*m**2 + 4 + m**2. Calculate o(-4).
-2
Suppose -3*g - 4*x + 0*x = 10, -5*x - 20 = 0. Let n(t) = 9*t**2 - 4*t + 1. Let q(o) = 7*o**2 - 3*o + 1. Let h(r) = -3*n(r) + 4*q(r). Calculate h(g).
5
Suppose 0 = -4*u + 3*h + 5, 15 = -u + 5*u - h. Let t(p) = -3*p**2 + 1 + u*p**2 + p**2. Determine t(1).
4
Let s be (-1 + 2)/((-1)/(-2)). Let c(h) = 5*h + s*h**2 - 9*h**2 + 11*h**2 + 2 - h**3. Give c(5).
2
Let l(m) = 7*m**3 - 3*m**2 - m + 2. Let k be 60/45 - 22/3. Let x(r) = 8*r**3 - 3*r**2 - r + 3. Let w(t) = k*x(t) + 7*l(t). Calculate w(3).
-7
Let y(p) = 0 - p**2 - 41*p + 7 + 42*p. Let h(w) = 2*w**2 - w - 15. Let z be -1 + 2/(-2)*-3. Let d(a) = z*h(a) + 5*y(a). Calculate d(4).
1
Let w = 186 - 185. Let s(k) = k**2 - 2*k - 1. Let o be s(-1). Let c(m) = -7*m**2 - o*m - 3*m + 5*m. Give c(w).
-7
Suppose -340 + 735 = 79*m. Let a(z) be the first derivative of -z**5/120 - z**4/24 - z**3/3 + 1. Let o(r) be the third derivative of a(r). Determine o(m).
-6
Suppose -5*x + 2*k - 57 = -14, -2*x - 3*k = 21. Let c = 10 + x. Let s(d) = 8*d**3 - d**2 + d - 1. Give s(c).
7
Let o be (-2)/(-3) + 560/42. Let c be (12/(-21))/((-4)/o). Let r(m) = 8*m**2 + 2*m. Let y(f) = 33*f**2 + 9*f. Let q(w) = 21*r(w) - 5*y(w). Calculate q(c).
6
Let d(n) = -n + 5. Let f(q) = 2*q - 5. Let s(i) = -6*d(i) - 5*f(i). Calculate s(5).
-25
Let i(s) be the third derivative of 1/60*s**5 - 10*s**2 + 0 + 0*s + 0*s**4 + 5/6*s**3. Determine i(4).
21
Let j(m) = m. Let b(c) = 1. Let x(s) = 3*s + 6. Let a(u) = 4*b(u) - x(u). Let r(f) = a(f) + 5*j(f). Determine r(4).
6
Let d(c) be the second derivative of c**5/60 + c**4/3 + 3*c**3/2 + 3*c**2/2 + 3*c. Let i(w) be the first derivative of d(w). Let k = -137 + 130. Give i(k).
2
Let p = 24 + 8. Suppose -c + 9*c = p. Let x(q) = -2*q - c - 6*q + q**3 + 16 + 8*q**2. Determine x(-9).
3
Let r = -28 - -30. Let x(h) = 4 - 6 + r + h. Determine x(-4).
-4
Let m(o) = o**3 - 4*o**2 + 5*o - 4. Let l = -16 - -22. Let r be (1 - l)/5 + 6. Suppose 0*x - 11 = -r*g + x, g + 3*x - 15 = 0. Determine m(g).
2
Let d(i) = i**2 + 8*i - 5. Let h(n) = 6*n - 2. Let q be h(-5). Let o = 26 + q. Determine d(o).
-17
Let p(w) be the second derivative of -w**5/20 + w**4/6 + w**3/2 + w**2 + 3*w. Let g(k) = k + 2. Let r(x) = x. Let m be r(1). Let h be g(m). Determine p(h).
2
Let n(f) be the first derivative of -2*f**2 - 3*f - 505. Determine n(-5).
17
Let o(q) = 3*q + 1. Let y = 78 - 75. Give o(y).
10
Let a(r) = -r**3 + 4*r**2 + 3*r + 3. Let l(k) = -k**3 + 6*k**2 - 7*k + 6. Let o be l(4). Suppose 3*q - o*q = -28. Let i be (0 - 8)/q + 7. Calculate a(i).
-7
Let x(r) = -r**3 - 4*r**2 + r - 5. Let n be 15 + -10 - (-2 + 12). Calculate x(n).
15
Let f(i) = i - 3*i + 1 - i. Let x be 1/((-2)/12) - -3. Let k be (9 - 6)/(x/(-2)). Determine f(k).
-5
Let f = 505/6 + -83. Let g(a) be the third derivative of 0*a + 3*a**2 + 1/12*a**4 + 0 - f*a**3. Calculate g(5).
3
Let x be ((-6)/27)/(3*1/(-27)). Let z(i) = -5*i**2 + 25 + 4*i**x - 21 - 2*i - i. Give z(-4).
0
Let k = -42 + 45. Let x(z) = 5*z**2 + z + 4*z**2 - 2*z**2 - 7 - 8*z**2 - z**k. Let t = -3 + 3. Give x(t).
-7
Let c(w) be the third derivative of 1/24*w**4 - 5/6*w**3 - 1/120*w**6 + 0*w - 5*w**2 + 0 + 0*w**5. Calculate c(0).
-5
Suppose 0 = h - 5*x + 14, -2*h + 2*x - 2 = -6. Let f(p) = h - 21*p + 8*p + 19*p + 4 - p**2. Suppose 2*y - 5*z - 4 = 0, y - 3*y + 3*z + 8 = 0. Determine f(y).
3
Let a(r) = 7*r - 43. Let h = 672 - 665. Calculate a(h).
6
Let m(w) = -2*w**3 + w**2 + 2*w + 1. Let y be m(-1). Suppose -2*x = -g - y + 4, 4*g = -x + 8. Let p(h) = -1 - h**3 + 0*h**3 + 3*h - 2*h. Calculate p(g).
-7
Suppose -4*o = -5*o + 1. Let k be (-2 - 1*-7)*o. Let w(y) = 5 + 0*y - y**2 - 2*y**2 + 3*y + 2*y**2. What is w(k)?
-5
Let n(m) = m - 4. Suppose 2*y - 12 = b, -y + 0*b + 3*b = -11. Give n(y).
1
Let i = -6 - -11. Suppose -3*d - 2*d = -a, a = -i*d. Let h(f) = 2*f + 3*f + d - 1 - 4*f. What is h(-4)?
-5
Let l(p) = -p - 1. Let o be l(3). Let a(g) = 7610*g**3 - g**2 - 3*g - 7611*g**3 - 4*g**2. Give a(o).
-4
Let i(o) be the second derivative of -2*o**3/3 + 2*o**2 - 2*o + 21. Determine i(4).
-12
Let j(u) be the second derivative of -u**5/20 + 7*u**4/12 - u**3/2 + u**2 + 12*u - 1. Determine j(7).
-19
Suppose -7*p - 45 = 116. Let h = 22 + p. Let y(s) = -8*s. Let m be y(h). Let c(j) = -j**3 + 9*j**2 - 10*j + 12. Determine c(m).
-4
Let t be 12/(-30)*5 + 3. Let i(g) = -10*g**3 + g**2 - 1. Determine i(t).
-10
Let d(f) be the third derivative of 0*f - 1/60*f**5 + 0 + 1/3*f**4 - 7/6*f**3 + 13*f**2. What is d(7)?
0
Let b(g) be the third derivative of g**7/840 - g**6/120 - g**5/40 + g**4/8 - g**3/2 - 6*g**2. Let n(w) be the first derivative of b(w). Calculate n(3).
-6
Let o(d) = d - 1